{"id":175,"date":"2024-11-06T22:09:55","date_gmt":"2024-11-06T20:09:55","guid":{"rendered":"https:\/\/www.audiencetv.tv\/?page_id=175"},"modified":"2024-11-24T20:04:57","modified_gmt":"2024-11-24T18:04:57","slug":"impressum","status":"publish","type":"page","link":"https:\/\/www.audiencetv.tv\/?page_id=175","title":{"rendered":"Impressum"},"content":{"rendered":"\t\t<div data-elementor-type=\"wp-page\" data-elementor-id=\"175\" class=\"elementor elementor-175\" data-elementor-post-type=\"page\">\n\t\t\t\t<div class=\"elementor-element elementor-element-36cb6272 e-flex e-con-boxed e-con e-parent\" data-id=\"36cb6272\" data-element_type=\"container\">\n\t\t\t\t\t<div class=\"e-con-inner\">\n\t\t\t\t<div class=\"elementor-element elementor-element-2b6da22b elementor-widget elementor-widget-heading\" data-id=\"2b6da22b\" data-element_type=\"widget\" data-widget_type=\"heading.default\">\n\t\t\t\t<div class=\"elementor-widget-container\">\n\t\t\t<h2 class=\"elementor-heading-title elementor-size-default\">Impressum<\/h2>\t\t<\/div>\n\t\t\t\t<\/div>\n\t\t\t\t<div class=\"elementor-element elementor-element-efc557a elementor-widget-divider--view-line elementor-widget elementor-widget-divider\" data-id=\"efc557a\" data-element_type=\"widget\" data-widget_type=\"divider.default\">\n\t\t\t\t<div class=\"elementor-widget-container\">\n\t\t\t\t\t<div class=\"elementor-divider\">\n\t\t\t<span class=\"elementor-divider-separator\">\n\t\t\t\t\t\t<\/span>\n\t\t<\/div>\n\t\t\t\t<\/div>\n\t\t\t\t<\/div>\n\t\t\t\t\t<\/div>\n\t\t\t\t<\/div>\n\t\t<div class=\"elementor-element elementor-element-40c4335c e-flex e-con-boxed e-con e-parent\" data-id=\"40c4335c\" data-element_type=\"container\">\n\t\t\t\t\t<div class=\"e-con-inner\">\n\t\t<div class=\"elementor-element elementor-element-42dbfb02 e-con-full e-flex e-con e-child\" data-id=\"42dbfb02\" data-element_type=\"container\">\n\t\t\t\t<div class=\"elementor-element elementor-element-72a6bc0a elementor-widget elementor-widget-text-editor\" data-id=\"72a6bc0a\" data-element_type=\"widget\" data-widget_type=\"text-editor.default\">\n\t\t\t\t<div class=\"elementor-widget-container\">\n\t\t\t\t\t\t\t<p><strong>Audience TV UG (haftungsbeschr\u00e4nkt) i.G.<\/strong><\/p><p>Joachim Bruchh\u00e4user<\/p><p>Sonnenberger Stra\u00dfe 82<br \/>65193 Wiesbaden<br \/>Germany<\/p><p><a href=\"mailto:info@audiencetv.eu\">info@audiencetv.eu<\/a><\/p><p>Managing Director:<br \/>Joachim Bruchh\u00e4user<\/p><p>Phone: +49 611 18579-92<br \/>Fax: +49 611 18579-99<\/p><p>\u00a0<\/p>\t\t\t\t\t\t<\/div>\n\t\t\t\t<\/div>\n\t\t\t\t<\/div>\n\t\t<div class=\"elementor-element elementor-element-1e121032 e-con-full e-flex e-con e-child\" data-id=\"1e121032\" data-element_type=\"container\">\n\t\t\t\t<\/div>\n\t\t\t\t\t<\/div>\n\t\t\t\t<\/div>\n\t\t\t\t<\/div>\n\t\t","protected":false},"excerpt":{"rendered":"<p>Impressum Audience TV UG (haftungsbeschr\u00e4nkt) i.G. Joachim Bruchh\u00e4user Sonnenberger Stra\u00dfe 8265193 WiesbadenGermany info@audiencetv.eu Managing Director:Joachim Bruchh\u00e4user Phone: +49 611 18579-92Fax: +49 611 18579-99 \u00a0<\/p>\n","protected":false},"author":1,"featured_media":0,"parent":0,"menu_order":0,"comment_status":"closed","ping_status":"closed","template":"elementor_header_footer","meta":{"_acf_changed":false,"footnotes":""},"class_list":["post-175","page","type-page","status-publish","hentry"],"acf":[],"yoast_head":"<!-- This site is optimized with the Yoast SEO plugin v23.5 - https:\/\/yoast.com\/wordpress\/plugins\/seo\/ -->\n<title>Impressum - Audience TV<\/title>\n<meta name=\"robots\" content=\"noindex, follow, max-snippet:-1, max-image-preview:large, max-video-preview:-1\" \/>\n<meta property=\"og:locale\" content=\"de_DE\" \/>\n<meta property=\"og:type\" content=\"article\" \/>\n<meta property=\"og:title\" content=\"Impressum - Audience TV\" \/>\n<meta property=\"og:description\" content=\"Impressum Audience TV UG (haftungsbeschr\u00e4nkt) i.G. Joachim Bruchh\u00e4user Sonnenberger Stra\u00dfe 8265193 WiesbadenGermany info@audiencetv.eu Managing Director:Joachim Bruchh\u00e4user Phone: +49 611 18579-92Fax: +49 611 18579-99 \u00a0\" \/>\n<meta property=\"og:url\" content=\"https:\/\/www.audiencetv.tv\/?page_id=175\" \/>\n<meta property=\"og:site_name\" content=\"Audience TV\" \/>\n<meta property=\"article:modified_time\" content=\"2024-11-24T18:04:57+00:00\" \/>\n<meta name=\"twitter:card\" content=\"summary_large_image\" \/>\n<meta name=\"twitter:label1\" content=\"Gesch\u00e4tzte Lesezeit\" \/>\n\t<meta name=\"twitter:data1\" content=\"1\u00a0Minute\" \/>\n<script type=\"application\/ld+json\" class=\"yoast-schema-graph\">{\"@context\":\"https:\/\/schema.org\",\"@graph\":[{\"@type\":\"WebPage\",\"@id\":\"https:\/\/www.audiencetv.tv\/?page_id=175\",\"url\":\"https:\/\/www.audiencetv.tv\/?page_id=175\",\"name\":\"Impressum - Audience TV\",\"isPartOf\":{\"@id\":\"https:\/\/www.audiencetv.tv\/#website\"},\"datePublished\":\"2024-11-06T20:09:55+00:00\",\"dateModified\":\"2024-11-24T18:04:57+00:00\",\"breadcrumb\":{\"@id\":\"https:\/\/www.audiencetv.tv\/?page_id=175#breadcrumb\"},\"inLanguage\":\"de\",\"potentialAction\":[{\"@type\":\"ReadAction\",\"target\":[\"https:\/\/www.audiencetv.tv\/?page_id=175\"]}]},{\"@type\":\"BreadcrumbList\",\"@id\":\"https:\/\/www.audiencetv.tv\/?page_id=175#breadcrumb\",\"itemListElement\":[{\"@type\":\"ListItem\",\"position\":1,\"name\":\"Startseite\",\"item\":\"https:\/\/www.audiencetv.tv\/\"},{\"@type\":\"ListItem\",\"position\":2,\"name\":\"Impressum\"}]},{\"@type\":\"WebSite\",\"@id\":\"https:\/\/www.audiencetv.tv\/#website\",\"url\":\"https:\/\/www.audiencetv.tv\/\",\"name\":\"Artist\",\"description\":\"\",\"publisher\":{\"@id\":\"https:\/\/www.audiencetv.tv\/#organization\"},\"potentialAction\":[{\"@type\":\"SearchAction\",\"target\":{\"@type\":\"EntryPoint\",\"urlTemplate\":\"https:\/\/www.audiencetv.tv\/?s={search_term_string}\"},\"query-input\":{\"@type\":\"PropertyValueSpecification\",\"valueRequired\":true,\"valueName\":\"search_term_string\"}}],\"inLanguage\":\"de\"},{\"@type\":\"Organization\",\"@id\":\"https:\/\/www.audiencetv.tv\/#organization\",\"name\":\"Artist\",\"url\":\"https:\/\/www.audiencetv.tv\/\",\"logo\":{\"@type\":\"ImageObject\",\"inLanguage\":\"de\",\"@id\":\"https:\/\/www.audiencetv.tv\/#\/schema\/logo\/image\/\",\"url\":\"https:\/\/www.audiencetv.tv\/wp-content\/uploads\/2024\/10\/audiencetv-logo-1.png\",\"contentUrl\":\"https:\/\/www.audiencetv.tv\/wp-content\/uploads\/2024\/10\/audiencetv-logo-1.png\",\"width\":1362,\"height\":298,\"caption\":\"Artist\"},\"image\":{\"@id\":\"https:\/\/www.audiencetv.tv\/#\/schema\/logo\/image\/\"}}]}<\/script>\n<!-- \/ Yoast SEO plugin. -->","yoast_head_json":{"title":"Impressum - Audience TV","robots":{"index":"noindex","follow":"follow","max-snippet":"max-snippet:-1","max-image-preview":"max-image-preview:large","max-video-preview":"max-video-preview:-1"},"og_locale":"de_DE","og_type":"article","og_title":"Impressum - Audience TV","og_description":"Impressum Audience TV UG (haftungsbeschr\u00e4nkt) i.G. Joachim Bruchh\u00e4user Sonnenberger Stra\u00dfe 8265193 WiesbadenGermany info@audiencetv.eu Managing Director:Joachim Bruchh\u00e4user Phone: +49 611 18579-92Fax: +49 611 18579-99 \u00a0","og_url":"https:\/\/www.audiencetv.tv\/?page_id=175","og_site_name":"Audience TV","article_modified_time":"2024-11-24T18:04:57+00:00","twitter_card":"summary_large_image","twitter_misc":{"Gesch\u00e4tzte Lesezeit":"1\u00a0Minute"},"schema":{"@context":"https:\/\/schema.org","@graph":[{"@type":"WebPage","@id":"https:\/\/www.audiencetv.tv\/?page_id=175","url":"https:\/\/www.audiencetv.tv\/?page_id=175","name":"Impressum - Audience TV","isPartOf":{"@id":"https:\/\/www.audiencetv.tv\/#website"},"datePublished":"2024-11-06T20:09:55+00:00","dateModified":"2024-11-24T18:04:57+00:00","breadcrumb":{"@id":"https:\/\/www.audiencetv.tv\/?page_id=175#breadcrumb"},"inLanguage":"de","potentialAction":[{"@type":"ReadAction","target":["https:\/\/www.audiencetv.tv\/?page_id=175"]}]},{"@type":"BreadcrumbList","@id":"https:\/\/www.audiencetv.tv\/?page_id=175#breadcrumb","itemListElement":[{"@type":"ListItem","position":1,"name":"Startseite","item":"https:\/\/www.audiencetv.tv\/"},{"@type":"ListItem","position":2,"name":"Impressum"}]},{"@type":"WebSite","@id":"https:\/\/www.audiencetv.tv\/#website","url":"https:\/\/www.audiencetv.tv\/","name":"Artist","description":"","publisher":{"@id":"https:\/\/www.audiencetv.tv\/#organization"},"potentialAction":[{"@type":"SearchAction","target":{"@type":"EntryPoint","urlTemplate":"https:\/\/www.audiencetv.tv\/?s={search_term_string}"},"query-input":{"@type":"PropertyValueSpecification","valueRequired":true,"valueName":"search_term_string"}}],"inLanguage":"de"},{"@type":"Organization","@id":"https:\/\/www.audiencetv.tv\/#organization","name":"Artist","url":"https:\/\/www.audiencetv.tv\/","logo":{"@type":"ImageObject","inLanguage":"de","@id":"https:\/\/www.audiencetv.tv\/#\/schema\/logo\/image\/","url":"https:\/\/www.audiencetv.tv\/wp-content\/uploads\/2024\/10\/audiencetv-logo-1.png","contentUrl":"https:\/\/www.audiencetv.tv\/wp-content\/uploads\/2024\/10\/audiencetv-logo-1.png","width":1362,"height":298,"caption":"Artist"},"image":{"@id":"https:\/\/www.audiencetv.tv\/#\/schema\/logo\/image\/"}}]}},"_links":{"self":[{"href":"https:\/\/www.audiencetv.tv\/index.php?rest_route=\/wp\/v2\/pages\/175"}],"collection":[{"href":"https:\/\/www.audiencetv.tv\/index.php?rest_route=\/wp\/v2\/pages"}],"about":[{"href":"https:\/\/www.audiencetv.tv\/index.php?rest_route=\/wp\/v2\/types\/page"}],"author":[{"embeddable":true,"href":"https:\/\/www.audiencetv.tv\/index.php?rest_route=\/wp\/v2\/users\/1"}],"replies":[{"embeddable":true,"href":"https:\/\/www.audiencetv.tv\/index.php?rest_route=%2Fwp%2Fv2%2Fcomments&post=175"}],"version-history":[{"count":19,"href":"https:\/\/www.audiencetv.tv\/index.php?rest_route=\/wp\/v2\/pages\/175\/revisions"}],"predecessor-version":[{"id":320,"href":"https:\/\/www.audiencetv.tv\/index.php?rest_route=\/wp\/v2\/pages\/175\/revisions\/320"}],"wp:attachment":[{"href":"https:\/\/www.audiencetv.tv\/index.php?rest_route=%2Fwp%2Fv2%2Fmedia&parent=175"}],"curies":[{"name":"wp","href":"https:\/\/api.w.org\/{rel}","templated":true}]}}